e?
False
Is 675998797 a composite number?
False
Is 1131215143 composite?
True
Is 3022545361 a prime number?
False
Is 18539499779 a prime number?
True
Is 25706029 prime?
True
Is 862131569 composite?
True
Is 4277257007 a prime number?
True
Is 191774081 composite?
False
Is 307343989 composite?
False
Is 6842705603 composite?
False
Is 7432908401 a prime number?
True
Is 911183447 a composite number?
False
Is 31328271851 a prime number?
True
Is 419773997 composite?
False
Is 252594997 prime?
False
Is 59657861 a prime number?
True
Is 173475456727 a composite number?
True
Is 1284035131 a prime number?
True
Is 50568961841 composite?
False
Is 412500311 a prime number?
False
Is 28979457701 prime?
True
Is 5005938229 a prime number?
True
Is 6768307633 prime?
False
Is 10503872107 prime?
False
Is 17764204019 a composite number?
False
Is 15712071467 prime?
False
Is 95536709123 prime?
False
Is 98934907 composite?
True
Is 715068691 a composite number?
True
Is 294438264803 a prime number?
False
Is 2349939949 composite?
True
Is 804374279 composite?
False
Is 20555331677 prime?
True
Is 20322371663 prime?
False
Is 17093959121 composite?
True
Is 1657948741 a prime number?
True
Is 2885947351 a prime number?
False
Is 106927549 a composite number?
True
Is 68249576039 composite?
False
Is 10173356255 a prime number?
False
Is 119550259109 a prime number?
True
Is 896883469 a composite number?
True
Is 50657066063 prime?
True
Is 71882542691 a composite number?
True
Is 4817618233 prime?
False
Is 2854220615 prime?
False
Is 4776147949 a prime number?
True
Is 74340238589 a composite number?
True
Is 60021967981 a composite number?
False
Is 2016504863 prime?
True
Is 5868721 prime?
True
Is 2610031719 a composite number?
True
Is 29494830791 prime?
False
Is 97125062503 composite?
True
Is 51772161973 a prime number?
False
Is 20896498087 a prime number?
False
Is 48320009 prime?
True
Is 1001864131 a composite number?
True
Is 1469132947 a prime number?
False
Is 39064919485 composite?
True
Is 138902118317 composite?
False
Is 544334719 composite?
False
Is 4185888587 a prime number?
True
Is 61157076919 a composite number?
True
Is 202643297 a prime number?
False
Is 19943006837 prime?
False
Is 2824485289 a composite number?
False
Is 11850563519 a composite number?
False
Is 499473965 prime?
False
Is 73217689697 a composite number?
False
Is 33295172789 prime?
True
Is 130422420871 prime?
True
Is 4461958565 a prime number?
False
Is 53050891 prime?
True
Is 2242021939 a prime number?
True
Is 2456513531 a composite number?
True
Is 4025888147 prime?
False
Is 31130200733 composite?
True
Is 5989323709 a prime number?
True
Is 3573404629 prime?
False
Is 1608008371 composite?
False
Is 602469823 composite?
True
Is 357766741 prime?
True
Is 524798051 a prime number?
True
Is 1308841489 prime?
False
Is 239666773 prime?
False
Is 1836898561 a composite number?
False
Is 335605427441 a composite number?
False
Is 111347822753 a prime number?
True
Is 332798489 a composite number?
False
Is 9675647827 prime?
True
Is 2680059047 composite?
True
Is 132839917307 a prime number?
True
Is 26980160293 a prime number?
False
Is 4830667817 a prime number?
True
Is 7663202957 a composite number?
True
Is 398888819 a composite number?
True
Is 1274250331 composite?
False
Is 5793583661 a composite number?
True
Is 26682012481 a prime number?
False
Is 87652279673 a composite number?
True
Is 2210552677 a composite number?
True
Is 2059518553 prime?
True
Is 1170487127 a composite number?
True
Is 1524640687 a prime number?
True
Is 4399847 a composite number?
False
Is 41085841253 a composite number?
False
Is 41048012149 a prime number?
True
Is 368151779 a composite number?
True
Is 428359423 a prime number?
True
Is 2599946499 a prime number?
False
Is 55649863 a composite number?
False
Is 89562041 a composite number?
False
Is 7956178133 prime?
True
Is 53061802411 prime?
True
Is 2103688661 composite?
False
Is 5863523335 composite?
True
Is 423608518 a composite number?
True
Is 1929240851 a composite number?
True
Is 909202339 prime?
True
Is 4247864399 prime?
True
Is 76087233479 composite?
False
Is 6668306327 prime?
True
Is 54958960949 composite?
True
Is 419350487 a prime number?
True
Is 20696999933 a composite number?
True
Is 7933185421 prime?
False
Is 2474825329 composite?
False
Is 735579841 a prime number?
False
Is 1789157 a composite number?
True
Is 47441031019 a composite number?
False
Is 87942167 a composite number?
False
Is 1425638983 a prime number?
True
Is 11418216247 a composite number?
False
Is 1947797399 prime?
False
Is 263052539 composite?
True
Is 499038569 composite?
False
Is 11155458703 a composite number?
True
Is 999909863 a prime number?
True
Is 162929808421 a prime number?
True
Is 21678434573 composite?
False
Is 6622980053 a prime number?
False
Is 3725536373 prime?
False
Is 469128269 a prime number?
True
Is 100247497 a prime number?
False
Is 84044924923 a composite number?
False
Is 532477789 composite?
False
Is 10155691297 prime?
False
Is 4300764847 composite?
False
Is 29363260369 a composite number?
False
Is 13014940949 prime?
True
Is 447360269 a prime number?
True
Is 484932689 prime?
True
Is 166284600761 composite?
False
Is 2610909293 prime?
False
Is 915743561 a composite number?
False
Is 137483331 a prime number?
False
Is 105461500999 prime?
True
Is 435438709 composite?
False
Is 26602947883 composite?
False
Is 151781131 a prime number?
True
Is 1179142303 a prime number?
True
Is 3555674911 prime?
True
Is 14592862491 a composite number?
True
Is 57780274997 a prime number?
False
Is 10195809971 a composite number?
True
Is 90291284999 a prime number?
False
Is 671034395 prime?
False
Is 4477778681 composite?
False
Is 7519874489 a composite number?
False
Is 9944280641 composite?
True
Is 83194171397 a composite number?
True
Is 1332055015 prime?
False
Is 1917862703 a composite number?
False
Is 154286387 a composite number?
False
Is 15418009709 a composite number?
False
Is 10073539099 composite?
True
Is 282114870757 prime?
True
Is 114312092759 prime?
False
Is 19444866613 a composite number?
False
Is 533430463 a composite number?
True
Is 22764354467 a composite number?
False
Is 101086393 a composite number?
False
Is 101089799 a composite number?
True
Is 25681987 composite?
False
Is 86978779963 prime?
True
Is 870879719 prime?
True
Is 61732870271 composite?
True
Is 75618696487 a prime number?
False
Is 9100923203 prime?
True
Is 559550237 a prime number?
False
Is 5024907619 a composite number?
True
Is 25397610083 composite?
False
Is 73323368539 prime?
False
Is 1343495693 a composite number?
False
Is 43677197659 composite?
True
Is 345117751 a prime number?
False
Is 68278607021 prime?
True
Is 10844075717 composite?
False
Is 544884569 prime?
False
Is 15995767 composite?
False
Is 106528745003 a prime number?
True
Is 9015305867 prime?
True
Is 249243413 a composite number?
False
Is 11601166249 composite?
False
Is 6032002127 composite?
False
Is 118621451 a prime number?
False
Is 1166338519 a prime number?
True
Is 634048607 prime?
True
Is 10952580729 composite?
True
Is 1113633683 a composite number?
False
Is 1794666485 a prime number?
False
Is 8085658907 a prime number?
True
Is 574707817 prime?
True
Is 3220042759 prime?
True
Is 3258166823 composite?
False
Is 4510406297 composite?
False
Is 43870099291 prime?
True
Is 84824282693 prime?
False
Is 12549943 a prime number?
False
Is 205562297 composite?
False
Is 23697909233 prime?
True
Is 1296487919 a composite number?
True
Is 951936361 a composite number?
False
Is 10848152057 a prime number?
False
Is 168023938531 a composite number?
True
Is 419985317 prime?
False
Is 1322015699 a composite number?
False
Is 33286360277 a prime number?
True
Is 5889322133 a composite number?
False
Is 14998042067 composite?
False
Is 10756033577 a prime number?
False
Is 5065119251 composite?
False
Is 3232922801 a prime number?
False
Is 10408309514 prime?
False
Is 1242359049 composite?
True
Is 56822931797 prime?
True
Is 150935647 a prime number?
True
Is 35803711309 a composite number?
True
Is 31227158311 a prime number?
False
Is 1920308987 a prime number?
True
Is 554448019 prime?
True
Is 1452407191 composite?
True
Is 14390708138 prime?
False
Is 79038777647 composite?
False
Is 21514273883 prime?
False
Is 1161810869 a prime numbe